{"id":189,"date":"2024-03-13T20:18:23","date_gmt":"2024-03-13T20:18:23","guid":{"rendered":"https:\/\/wir-midanaund.at\/?page_id=189"},"modified":"2025-10-16T20:46:40","modified_gmt":"2025-10-16T20:46:40","slug":"lichterroas","status":"publish","type":"page","link":"https:\/\/wir-midanaund.at\/?page_id=189","title":{"rendered":"Lichterroas"},"content":{"rendered":"<div data-colibri-id=\"189-c1\" class=\"style-501 style-local-189-c1 position-relative\">\n  <!---->\n  <div data-colibri-component=\"section\" data-colibri-id=\"189-c2\" id=\"custom\" class=\"h-section h-section-global-spacing d-flex align-items-lg-center align-items-md-center align-items-center style-506 style-local-189-c2 position-relative\">\n    <!---->\n    <!---->\n    <div class=\"h-section-grid-container h-section-boxed-container\">\n      <!---->\n      <div data-colibri-id=\"189-c3\" class=\"h-row-container gutters-row-lg-2 gutters-row-md-2 gutters-row-0 gutters-row-v-lg-2 gutters-row-v-md-2 gutters-row-v-2 style-507 style-local-189-c3 position-relative\">\n        <!---->\n        <div class=\"h-row justify-content-lg-center justify-content-md-center justify-content-center align-items-lg-stretch align-items-md-stretch align-items-stretch gutters-col-lg-2 gutters-col-md-2 gutters-col-0 gutters-col-v-lg-2 gutters-col-v-md-2 gutters-col-v-2\">\n          <!---->\n          <div class=\"h-column h-column-container d-flex h-col-lg-auto h-col-md-auto h-col-auto style-508-outer style-local-189-c4-outer\">\n            <div data-colibri-id=\"189-c4\" class=\"d-flex h-flex-basis h-column__inner h-px-lg-2 h-px-md-2 h-px-2 v-inner-lg-2 v-inner-md-2 v-inner-2 style-508 style-local-189-c4 position-relative\">\n              <!---->\n              <!---->\n              <div class=\"w-100 h-y-container h-column__content h-column__v-align flex-basis-100 align-self-lg-start align-self-md-start align-self-start\">\n                <!---->\n                <div data-colibri-id=\"189-c5\" class=\"h-text h-text-component style-510 style-local-189-c5 position-relative h-element\">\n                  <!---->\n                  <!---->\n                  <div class=\"\">\n                    <p>&#8222;Das Leben passiert, wenn man sich auf den Weg macht&#8220;<\/p>\n                  <\/div>\n                <\/div>\n              <\/div>\n            <\/div>\n          <\/div>\n        <\/div>\n      <\/div>\n    <\/div>\n  <\/div>\n  <div data-colibri-component=\"section\" data-colibri-id=\"189-c10\" id=\"overlappable\" class=\"h-section h-section-global-spacing d-flex align-items-lg-center align-items-md-center align-items-center style-516 style-local-189-c10 position-relative\">\n    <!---->\n    <!---->\n    <div class=\"h-section-grid-container h-section-boxed-container\">\n      <div data-colibri-id=\"189-c27\" class=\"h-row-container gutters-row-lg-2 gutters-row-md-2 gutters-row-0 gutters-row-v-lg-2 gutters-row-v-md-2 gutters-row-v-2 style-523 style-local-189-c27 position-relative\">\n        <!---->\n        <div class=\"h-row justify-content-lg-center justify-content-md-center justify-content-center align-items-lg-stretch align-items-md-stretch align-items-stretch gutters-col-lg-2 gutters-col-md-2 gutters-col-0 gutters-col-v-lg-2 gutters-col-v-md-2 gutters-col-v-2\">\n          <!---->\n          <div class=\"h-column h-column-container d-flex h-col-lg-auto h-col-md-auto h-col-auto style-524-outer style-local-189-c28-outer\">\n            <div data-colibri-id=\"189-c28\" class=\"d-flex h-flex-basis h-column__inner h-px-lg-2 h-px-md-2 h-px-2 v-inner-lg-2 v-inner-md-2 v-inner-2 style-524 style-local-189-c28 position-relative\">\n              <!---->\n              <!---->\n              <div class=\"w-100 h-y-container h-column__content h-column__v-align flex-basis-100 align-self-lg-start align-self-md-start align-self-start\">\n                <!---->\n                <div data-colibri-id=\"189-c29\" class=\"h-global-transition-all h-heading style-525 style-local-189-c29 position-relative h-element\">\n                  <!---->\n                  <div class=\"h-heading__outer style-525 style-local-189-c29\">\n                    <!---->\n                    <!---->\n                    <h2 class=\"\">Eckdaten zur Lichterroas 2026<\/h2>\n                  <\/div>\n                <\/div>\n                <div data-colibri-id=\"189-c30\" class=\"h-x-container style-527 style-local-189-c30 position-relative h-element\">\n                  <!---->\n                  <div class=\"h-x-container-inner style-dynamic-189-c30-group style-527-spacing style-local-189-c30-spacing\"><span class=\"h-link__outer style-528-outer style-local-189-c31-outer d-inline-flex h-element\"><a h-use-smooth-scroll=\"true\" href=\"https:\/\/wir-midanaund.at\/#about\"  data-colibri-id=\"189-c31\" class=\"d-flex w-100 align-items-center h-link style-528 style-local-189-c31 position-relative\"><!----><span  class=\"h-svg-icon h-link__icon style-528-icon style-local-189-c31-icon\"><!--Icon by Font Awesome (https:\/\/fontawesome.com)-->\n    <svg version=\"1.1\" xmlns=\"http:\/\/www.w3.org\/2000\/svg\" xmlns:xlink=\"http:\/\/www.w3.org\/1999\/xlink\" id=\"envelope-o\" viewBox=\"0 0 1792 1896.0833\">\n      <path d=\"M1664 1504V736q-32 36-69 66-268 206-426 338-51 43-83 67t-86.5 48.5T897 1280h-2q-48 0-102.5-24.5T706 1207t-83-67q-158-132-426-338-37-30-69-66v768q0 13 9.5 22.5t22.5 9.5h1472q13 0 22.5-9.5t9.5-22.5zm0-1051v-24.5l-.5-13-3-12.5-5.5-9-9-7.5-14-2.5H160q-13 0-22.5 9.5T128 416q0 168 147 284 193 152 401 317 6 5 35 29.5t46 37.5 44.5 31.5T852 1143t43 9h2q20 0 43-9t50.5-27.5 44.5-31.5 46-37.5 35-29.5q208-165 401-317 54-43 100.5-115.5T1664 453zm128-37v1088q0 66-47 113t-113 47H160q-66 0-113-47T0 1504V416q0-66 47-113t113-47h1472q66 0 113 47t47 113z\"><\/path>\n    <\/svg><\/span> <span>Kontakt &#8211; Claudia Bachmair<\/span><\/a>\n                    <\/span>\n                  <\/div>\n                <\/div>\n              <\/div>\n            <\/div>\n          <\/div>\n        <\/div>\n      <\/div>\n      <div data-colibri-id=\"189-c11\" class=\"h-row-container gutters-row-lg-2 gutters-row-md-2 gutters-row-0 gutters-row-v-lg-2 gutters-row-v-md-2 gutters-row-v-2 style-643 style-local-189-c11 position-relative\">\n        <!---->\n        <div class=\"h-row justify-content-lg-center justify-content-md-center justify-content-center align-items-lg-stretch align-items-md-stretch align-items-stretch gutters-col-lg-2 gutters-col-md-2 gutters-col-0 gutters-col-v-lg-2 gutters-col-v-md-2 gutters-col-v-2\">\n          <!---->\n          <div class=\"h-column h-column-container d-flex h-col-lg-auto h-col-md-auto h-col-auto style-644-outer style-local-189-c12-outer\">\n            <div data-colibri-id=\"189-c12\" class=\"d-flex h-flex-basis h-column__inner h-px-lg-2 h-px-md-2 h-px-2 v-inner-lg-2 v-inner-md-2 v-inner-2 style-644 style-local-189-c12 position-relative\">\n              <!---->\n              <!---->\n              <div class=\"w-100 h-y-container h-column__content h-column__v-align flex-basis-100 align-self-lg-start align-self-md-start align-self-start\">\n                <!---->\n                <div data-colibri-id=\"189-c13\" class=\"h-text h-text-component style-526 style-local-189-c13 position-relative h-element\">\n                  <!---->\n                  <!---->\n                  <div class=\"\">\n                    <p>Details gibt es Anfang 2026<\/p>\n                  <\/div>\n                <\/div>\n              <\/div>\n            <\/div>\n          <\/div>\n        <\/div>\n      <\/div>\n      <div data-colibri-id=\"189-c14\" class=\"h-row-container gutters-row-lg-0 gutters-row-md-0 gutters-row-2 gutters-row-v-lg-0 gutters-row-v-md-0 gutters-row-v-2 style-517 style-local-189-c14 position-relative\">\n        <!---->\n        <div class=\"h-row justify-content-lg-center justify-content-md-center justify-content-center align-items-lg-stretch align-items-md-stretch align-items-stretch gutters-col-lg-0 gutters-col-md-0 gutters-col-2 gutters-col-v-lg-0 gutters-col-v-md-0 gutters-col-v-2\">\n          <!---->\n          <div class=\"h-column h-column-container d-flex h-col-lg-3 h-col-md-3 h-col-12 style-518-outer style-local-189-c15-outer\">\n            <div data-colibri-id=\"189-c15\" class=\"d-flex h-flex-basis h-column__inner h-px-lg-3 h-px-md-3 h-px-2 v-inner-lg-3 v-inner-md-3 v-inner-2 style-518 style-local-189-c15 position-relative\">\n              <!---->\n              <!---->\n              <div class=\"w-100 h-y-container h-column__content h-column__v-align flex-basis-100 align-self-lg-start align-self-md-start align-self-start\">\n                <!---->\n                <div data-colibri-id=\"189-c16\" class=\"h-global-transition-all h-heading style-520 style-local-189-c16 position-relative h-element\">\n                  <!---->\n                  <div class=\"h-heading__outer style-520 style-local-189-c16\">\n                    <!---->\n                    <!---->\n                    <h5 class=\"\">Wann&nbsp;<\/h5>\n                  <\/div>\n                <\/div>\n                <div data-colibri-id=\"189-c17\" class=\"h-text h-text-component style-521 style-local-189-c17 position-relative h-element\">\n                  <!---->\n                  <!---->\n                  <div class=\"\">\n                    <p>Samstag, 21.11.2026<\/p>\n                    <p>ab 13:00 Uhr &#8211; 21:00 Uhr<\/p>\n                    <p>BEI JEDEM WETTER!<\/p>\n                  <\/div>\n                <\/div>\n              <\/div>\n            <\/div>\n          <\/div>\n          <div class=\"h-column h-column-container d-flex h-col-lg-3 h-col-md-3 h-col-12 style-518-outer style-local-189-c18-outer\">\n            <div data-colibri-id=\"189-c18\" class=\"d-flex h-flex-basis h-column__inner h-px-lg-3 h-px-md-3 h-px-2 v-inner-lg-3 v-inner-md-3 v-inner-2 style-518 style-local-189-c18 position-relative\">\n              <!---->\n              <!---->\n              <div class=\"w-100 h-y-container h-column__content h-column__v-align flex-basis-100 align-self-lg-start align-self-md-start align-self-start\">\n                <!---->\n                <div data-colibri-id=\"189-c19\" class=\"h-global-transition-all h-heading style-520 style-local-189-c19 position-relative h-element\">\n                  <!---->\n                  <div class=\"h-heading__outer style-520 style-local-189-c19\">\n                    <!---->\n                    <!---->\n                    <h5 class=\"\">wo<\/h5>\n                  <\/div>\n                <\/div>\n                <div data-colibri-id=\"189-c20\" class=\"h-text h-text-component style-521 style-local-189-c20 position-relative h-element\">\n                  <!---->\n                  <!---->\n                  <div class=\"\">\n                    <p>Inzersdorf im Kremstal&nbsp;(Ortszentrum)<\/p>\n                    <p>Parkpl\u00e4tze:<\/p>\n                    <ul>\n                      <li><span style=\"color: rgb(58, 97, 107); font-family: Lato; font-size: 16px; font-weight: 400;\">BILLA&nbsp;<\/span><\/li>\n                      <li><span style=\"color: rgb(58, 97, 107); font-family: Lato; font-size: 16px; font-weight: 400;\">Tischlerei Limberger GmbH<\/span><\/li>\n                      <li><span style=\"color: rgb(58, 97, 107); font-family: Lato; font-size: 16px; font-weight: 400;\">Brandt GmbH<\/span><\/li>\n                    <\/ul>\n                  <\/div>\n                <\/div>\n              <\/div>\n            <\/div>\n          <\/div>\n          <div class=\"h-column h-column-container d-flex h-col-lg-3 h-col-md-3 h-col-12 style-518-outer style-local-189-c21-outer\">\n            <div data-colibri-id=\"189-c21\" class=\"d-flex h-flex-basis h-column__inner h-px-lg-3 h-px-md-3 h-px-2 v-inner-lg-3 v-inner-md-3 v-inner-2 style-518 style-local-189-c21 position-relative\">\n              <!---->\n              <!---->\n              <div class=\"w-100 h-y-container h-column__content h-column__v-align flex-basis-100 align-self-lg-start align-self-md-start align-self-start\">\n                <!---->\n                <div data-colibri-id=\"189-c22\" class=\"h-global-transition-all h-heading style-520 style-local-189-c22 position-relative h-element\">\n                  <!---->\n                  <div class=\"h-heading__outer style-520 style-local-189-c22\">\n                    <!---->\n                    <!---->\n                    <h5 class=\"\">zweck<\/h5>\n                  <\/div>\n                <\/div>\n                <div data-colibri-id=\"189-c23\" class=\"h-text h-text-component style-521 style-local-189-c23 position-relative h-element\">\n                  <!---->\n                  <!---->\n                  <div class=\"\">\n                    <p>der Reinerl\u00f6s kommt MITB\u00dcRGER-INNEN zu Gute, die aufgrund eines Schicksalsschlages in die Knie gezwungen werden \/&nbsp;<\/p>\n                    <p>Projekte werden unterst\u00fctzt<\/p>\n                  <\/div>\n                <\/div>\n              <\/div>\n            <\/div>\n          <\/div>\n        <\/div>\n      <\/div>\n    <\/div>\n  <\/div>\n<\/div>","protected":false},"excerpt":{"rendered":"<p>&#8222;Das Leben passiert, wenn man sich auf den Weg macht&#8220; Eckdaten zur Lichterroas 2026 Kontakt &#8211; Claudia Bachmair Details gibt es Anfang 2026 Wann&nbsp; Samstag, 21.11.2026 ab 13:00 Uhr &#8211; 21:00 Uhr BEI JEDEM WETTER! wo Inzersdorf im Kremstal&nbsp;(Ortszentrum) Parkpl\u00e4tze: BILLA&nbsp; Tischlerei Limberger GmbH Brandt GmbH zweck der Reinerl\u00f6s kommt MITB\u00dcRGER-INNEN zu Gute, die aufgrund [&hellip;]<\/p>\n","protected":false},"author":1,"featured_media":0,"parent":0,"menu_order":0,"comment_status":"closed","ping_status":"closed","template":"page-templates\/full-width-page.php","meta":{"footnotes":""},"class_list":["post-189","page","type-page","status-publish","hentry"],"_links":{"self":[{"href":"https:\/\/wir-midanaund.at\/index.php?rest_route=\/wp\/v2\/pages\/189","targetHints":{"allow":["GET"]}}],"collection":[{"href":"https:\/\/wir-midanaund.at\/index.php?rest_route=\/wp\/v2\/pages"}],"about":[{"href":"https:\/\/wir-midanaund.at\/index.php?rest_route=\/wp\/v2\/types\/page"}],"author":[{"embeddable":true,"href":"https:\/\/wir-midanaund.at\/index.php?rest_route=\/wp\/v2\/users\/1"}],"replies":[{"embeddable":true,"href":"https:\/\/wir-midanaund.at\/index.php?rest_route=%2Fwp%2Fv2%2Fcomments&post=189"}],"version-history":[{"count":20,"href":"https:\/\/wir-midanaund.at\/index.php?rest_route=\/wp\/v2\/pages\/189\/revisions"}],"predecessor-version":[{"id":1166,"href":"https:\/\/wir-midanaund.at\/index.php?rest_route=\/wp\/v2\/pages\/189\/revisions\/1166"}],"wp:attachment":[{"href":"https:\/\/wir-midanaund.at\/index.php?rest_route=%2Fwp%2Fv2%2Fmedia&parent=189"}],"curies":[{"name":"wp","href":"https:\/\/api.w.org\/{rel}","templated":true}]}}